o = 13 + -13. Suppose o = -3*m - 7*m - 320. Let q = 59 + m. Is q a multiple of 3?
True
Let i = 1768 - -212. Is 44 a factor of ((-40)/25)/(7912/i - 4)?
True
Let c(i) be the third derivative of -229*i**4/24 + 95*i**3/6 + 46*i**2 + 3*i. Does 17 divide c(-3)?
True
Suppose -1 - 7 = -8*w. Let h be w - 5 - (1 + 28/(-7)). Is 6 a factor of -21*(-2 + 1) - h?
False
Let w be 4*(756/120)/((-6)/35). Let s be ((-4)/(-2))/((-10)/235). Let y = s - w. Is 10 a factor of y?
True
Suppose 0 - 2 = -r. Suppose -14 = r*w - 0. Let q(u) = -12*u + 6. Does 15 divide q(w)?
True
Suppose 78*s + 172*s - 14866000 = 0. Does 48 divide s?
False
Let h be 12/16 - (-12)/(-16). Suppose h = 2*o + 2*o - 72. Suppose -15*q = -o*q + 99. Does 21 divide q?
False
Let i = 84 - 21. Let t = i - 99. Let n = 86 + t. Does 10 divide n?
True
Let y = 4663 - 2003. Is 10 a factor of y?
True
Suppose -3*l + 867 = -66. Suppose 949 = 7*u - l. Is 29 a factor of u?
False
Suppose 3*u - 300 = 5*j, -u + 3*j = -44 - 56. Suppose 3*w + 2*w = -a + 125, -u = -4*w + 4*a. Does 12 divide w?
False
Let y(j) = 21*j**2 - 49*j + 558. Is 155 a factor of y(31)?
True
Let j(a) = -a**2 + 13*a - 22. Let k be j(10). Let d(c) = 14*c - 36. Does 38 divide d(k)?
True
Let a(y) = 86*y - 8. Suppose f + 4*j = -19, 3*f + j + 2 + 0 = 0. Let s be 0 - 1 - (-2 - 1)*f. Is a(s) a multiple of 13?
False
Let p(r) = 616*r - 7398. Is 214 a factor of p(20)?
True
Suppose -36*b - 74*b = -301840. Does 45 divide b?
False
Let t(j) = 2*j**3 - 102*j**2 + 136*j - 168. Is t(51) a multiple of 9?
True
Let a(v) = 2*v**2 + 2*v + 14. Suppose -38*r + 39*r = -9. Let x be a(r). Suppose -10 = -3*j + x. Is 8 a factor of j?
True
Let k(y) = -7*y**3 + 18*y**2 - 47*y - 59. Let c(q) = -12*q**3 + 37*q**2 - 94*q - 117. Let m(d) = 4*c(d) - 7*k(d). Does 14 divide m(-22)?
False
Let n(l) = -1046*l - 20. Let c be n(-10). Suppose 2*r = -34*r + c. Does 10 divide r?
True
Suppose 4*m = -2*f - 642, -5*m - 3*f - 802 = -0*f. Let v = 140 + m. Let h = 114 + v. Is 19 a factor of h?
False
Let s = -10 + 64. Let c = s - 48. Suppose 4*f - c*f = -336. Is 14 a factor of f?
True
Is 176 a factor of (-88*7/2)/(177/(-3540))?
True
Suppose 4*b = -4*a + 7616, -5*a + 3*b + 9505 = 5*b. Is a a multiple of 9?
True
Let x be 238/6 + (-4)/(-12). Let n be ((-6)/27 - x/(-18)) + 1. Suppose -t = -3, -69 = -3*y - 5*t + n*t. Is y a multiple of 7?
True
Suppose -2*x - 6*x = -3560. Let u = x - 104. Does 6 divide u?
False
Suppose 161*j - 12792 = 135*j. Is 41 a factor of j?
True
Suppose 5*v - 4*z = 1187, 38 = v + 2*z - 191. Is 9 a factor of v?
False
Let b = -16 + 14. Suppose 2*f - 2*j + 2 = 0, 2*f = -0*f + 3*j - 5. Let l = f - b. Does 4 divide l?
True
Suppose 0 = 3*q + 306 - 2781. Does 25 divide q?
True
Let s(j) = -j**3 + 27*j**2 + 52*j - 12. Is 58 a factor of s(27)?
True
Let f = 9205 - 8068. Does 5 divide f?
False
Let h = -3 + 8. Suppose -5*d + 2*d = -2*x + 8, -x + 2*d = -h. Does 4 divide 26/6 + (-1)/3*x?
True
Let d = 10578 - 10560. Does 6 divide d?
True
Is (47908/348)/((-2)/(-78)) a multiple of 59?
True
Suppose -255*r + 259*r = 2*w + 368, 0 = 5*r - 3*w - 462. Does 10 divide r?
True
Suppose 2*m - n = 247, -4*m - 220*n + 217*n + 509 = 0. Is m a multiple of 5?
True
Let l be (-2 - (-14)/10) + 6/(-15). Is 8 a factor of 10644/36 - l*(-2)/(-6)?
True
Let i be ((-2)/(-4))/(1/6). Suppose -4*p + 57 = 2*z + 207, 2*p + i*z + 65 = 0. Let y = 3 - p. Is 16 a factor of y?
False
Let t(f) = 698*f + 2. Let y be t(1). Let r = y + -120. Is 20 a factor of r?
True
Suppose 3*v - 8*v + 5*j = 0, 4*v - 24 = -4*j. Suppose 0 = -o - 4*p + 219, 2*o + o + v*p = 675. Is 43 a factor of o?
False
Suppose -70*l + 15*l + 168820 = -365285. Does 39 divide l?
True
Suppose 0 = 10*v - 3178 - 5462. Is 36 a factor of v?
True
Suppose -3*o - 5*u = -3*u - 3613, -5*u = 20. Suppose 7*q - 4126 = -o. Is 16 a factor of q?
False
Suppose 102*y + 192 = 98*y. Does 21 divide (-2022)/(-14) + y/(-84)?
False
Let g(n) = -n + 41. Let h be g(-12). Suppose 0 = -2*v - h - 123. Let a = v + 97. Is a a multiple of 2?
False
Suppose 0 = 2*f - 2*c - 95520, -30*c = -25*c. Does 24 divide f?
True
Let f(t) = -2*t**3 - t**2 + 10*t - 9. Let n(s) = -9*s**3 - 4*s**2 + 47*s - 45. Let u(d) = -11*f(d) + 2*n(d). Is u(4) a multiple of 8?
False
Let m(a) = -15 - 201*a**2 - a**3 - 22 + 23*a + 219*a**2. Does 3 divide m(19)?
True
Let f be 1/(-4) + 900/(-48). Let n = 37 + f. Suppose -w = 3*l + w - 26, -2*l + n = w. Does 2 divide l?
True
Let j be ((-9)/5)/((-21)/70). Let c = -8 - -7. Is (-35)/14*c*j a multiple of 13?
False
Let k = -61 + 68. Let v(t) = -2*t + 59. Is 2 a factor of v(k)?
False
Let j(u) be the first derivative of -10*u**4 - 2*u**3/3 + u + 6. Let y(l) = 2*l**3 + l**2. Let z be y(-1). Does 12 divide j(z)?
False
Let o = -1983 + 2008. Does 2 divide o?
False
Suppose -158802 = -5*p - 52*p. Does 12 divide p?
False
Suppose 2*c + 4*u - 2 = -6, -5*u = -2*c + 23. Does 13 divide 54/c*728/84?
True
Let j(i) = 112*i**2. Let k(a) = -3*a - 9*a + 1 + a**3 + 18*a - 7*a**2. Let d be k(6). Is j(d) a multiple of 24?
False
Suppose 4053 = -164*y + 171*y. Let i = y - -362. Does 10 divide i?
False
Suppose 5*c - 1 = 14. Suppose 2*a + u = 171, c*a + 5*u = 2*u + 249. Does 22 divide a?
True
Is 7127424/(-288)*(1 + -2) a multiple of 64?
False
Suppose 83*p - 72576 = -17*p - 8*p. Does 10 divide p?
False
Let s = 20 + -17. Suppose -s*a + 55 = 2*a. Suppose 0 = 2*f - 27 + a. Is f a multiple of 5?
False
Let z = 280 - -2300. Is 60 a factor of z?
True
Let d be (1/2 + 0)/(270/(-58860)). Suppose -5*u = -5*x + 1375, -3*x + 3*u = u - 829. Let i = d + x. Is 34 a factor of i?
True
Let z be (2/4)/(5/1350). Suppose -3*m - 4*n - 1 = -0*m, m - 3*n - 17 = 0. Suppose x - 48 - 87 = -m*a, 5*a + 3*x = z. Is 2 a factor of a?
False
Let k(d) = 5031*d**2 - 50*d + 48. Is 16 a factor of k(1)?
False
Suppose 0 = -10*o - 100 - 20. Is 25 a factor of 1*o/3 + 169 + -15?
True
Let c = 102 + -75. Let u(y) = 5 + c*y + 18*y**3 + 14*y**2 + 6 - 1 - 19*y**3. Does 30 divide u(15)?
False
Does 59 divide 5672 - (-2 + -2 + (-24)/(-2))?
True
Suppose -5*d + d = -5228 - 6392. Does 15 divide d?
False
Let d(i) = i**2 + 9*i + 27. Let r be (3 + 3)*(-315)/10. Let f be 6/(-4) + r/18. Is 21 a factor of d(f)?
True
Let q(j) = 35 + 53*j - 11*j**2 + 4*j**3 - 20*j**2 + 16*j - 3*j**3. Does 44 divide q(29)?
False
Suppose 0 = 8*m - 801 - 15. Let o(b) = 20*b**2 - b - 1. Let x be o(-4). Suppose -4*y + x = -j, 0*y - y - 4*j + m = 0. Is 5 a factor of y?
False
Let n(z) = 39*z**2 + 128*z + 1753. Does 12 divide n(-23)?
True
Let v(q) = q**3 + 2*q**2 - 33*q - 17. Let t be v(9). Let n = -315 + t. Is 21 a factor of n?
False
Let o(v) be the third derivative of -1/120*v**6 + 0 - 1/15*v**5 + 0*v + v**3 - 1/8*v**4 - 4*v**2. Is 13 a factor of o(-7)?
False
Let w(z) = 25*z**2 + 8*z - 54. Let d be w(4). Let h = 558 - d. Is 20 a factor of h?
True
Let b = -602 + 646. Suppose b*u + 18*u = 84630. Is 15 a factor of u?
True
Suppose -7*p + 4*p = -30. Suppose 0 = -5*v + 2*v + 348. Suppose -p*l = -8*l - v. Is l a multiple of 5?
False
Let n(a) be the second derivative of a**5/10 - 29*a**4/12 - 5*a**3 + 9*a**2/2 - 155*a. Is 27 a factor of n(16)?
True
Let g be (242/363)/(0 + (-2)/(-2145)). Let d = g - 589. Is d a multiple of 9?
True
Let z(m) = 4*m**3 + m**2 - 3*m + 1. Let t be z(1). Suppose -6*p = 15 - t. Is 26 a factor of p + (-15)/(-9) - 1410/(-18)?
True
Let g be (1/(-4 + 7))/(8/33168). Suppose 9*r = g + 3811. Is r a multiple of 42?
False
Let n be (-3)/(-6)*-5*48/(-20). Suppose 3*x - n*p = -11*p - 19, 0 = 3*x + 3*p + 9. Suppose 128 = x*c - 206. Is c a multiple of 28?
False
Suppose 0 = -4*f + 3*m - 23, 0*m = 5*f + 4*m + 21. Is 18 a factor of f - -7 - 816/(-4)?
False
Let r = 188 + -186. Suppose -1469 = -3*f + r*a, f + 5*a - 513 = a. Is 24 a factor of f?
False
Let t(d) = 532*d - 3966. Is 22 a factor of t(51)?
True
Let c = 40 - 34. Let b(p) = -15*p - 3. Let r(n) = -16*n - 2. Let g(x) = c*b(x) - 5*r(x). Is g(-12) a multiple of 14?
True
Let q(i) = -5*i**3 + 17*i**2 + 11*i + 49. Is q(-7) a multiple of 7?
True
Let x be 2/(-3) + (-170)/(-30). Suppose x*r - 2006 + 1731 = 0. Is r a multiple of 5?
True
Let b(d) be the third derivative of -d**6/60 - d**5/10 + 3*d**4/8 + 7*d**3/3 + d**2. Suppose 7*l + 19 + 16 = 0. Does 11 divide b(l)?
False
Suppose -2*j + 4*l = 0, -j + 3*l = 3*j - 20. Does 20 divide j/10 - (-5784)/20?
False
Let j be